 -4*p + 5*p**2 - 136*p**3 + 2 + 55*p**3 - 4*p**2 + p**2. What is a(1)?
-81
Let c(s) = -s**3 + 4*s**2 - s - 2. Suppose 2*d = w - 360, -6*d - 726 = -2*d + w. Let x = d - -183. What is c(x)?
4
Suppose z = -b - 3, -b + 42 = -132*z + 128*z. Let g(i) be the first derivative of -4*i**2 + 1 - 5/3*i**3 + 1/4*i**4 + i. Calculate g(b).
-11
Let k(r) be the first derivative of -2*r**3/3 + 8*r**2 - 17*r + 324. What is k(2)?
7
Let u(z) = z**3 - 29*z**2 + 70*z - 434. Let k be u(27). Let m(a) = 6*a**3 - a**2 + 3*a + 3. Give m(k).
-55
Let u(y) = y**2 + 120*y - 34*y + 3 - 28*y + 2*y**2. What is u(-19)?
-16
Suppose 540 = 29*q + 25*q + 36*q. Let s(i) = -i**3 + 5*i**2 + 5*i + 3. Give s(q).
-3
Let p(u) be the second derivative of u**7/840 - u**6/60 - u**4/24 - 23*u**3/6 + 3*u**2/2 + 27*u + 2. Let b(r) be the second derivative of p(r). Calculate b(6).
-1
Let p(w) = -w**2 + 23*w - 7. Let f be p(0). Let v(b) = 3*b**2 + 18*b - 27. Let a be v(f). Let x(g) = 0*g + 3*g + 2*g + g**2. Give x(a).
6
Let c(h) be the second derivative of 7*h**3/6 + 5*h. Let s(g) = -4*g + 17. Let n(u) = 8*u - 34. Let m(x) = 4*n(x) + 7*s(x). Let t be m(4). What is c(t)?
-7
Suppose 4*b - g = -24, 3*b + g + 16 = -b. Let a(h) = -3*h**2 - 91*h - 9. Let t(o) = 10*o**2 + 315*o + 27. Let j(u) = 7*a(u) + 2*t(u). Give j(b).
1
Let l(i) = -14*i - i - 189 + 291. What is l(7)?
-3
Let p(j) = 8*j**2 - 33*j + 44. Let i(u) = -7*u**2 + 33*u - 40. Let d(a) = 5*i(a) + 4*p(a). Calculate d(10).
6
Suppose 3*y + s = -y - 170, -3*y + 3*s = 135. Let t = 47 + y. Suppose 12 - t = -4*w. Let r(u) = u**3 + 2*u**2 + 2*u + 1. Determine r(w).
-3
Let i(h) = 4*h**2 - 4*h + 218. Let x(q) = -4*q**2 + 3*q - 260. Let u(s) = -6*i(s) - 5*x(s). Calculate u(5).
-63
Let h(q) = -9*q**2 + 5*q + 28. Let d(v) = -62*v**2 + 31*v + 198. Let g(n) = 2*d(n) - 15*h(n). Determine g(-2).
46
Suppose 605 + 568 = -243*v - 1743. Let y(d) = 5*d + 13. Determine y(v).
-47
Let x(w) = w**2 + 17*w + 77. Let b = 2309 + -2316. Give x(b).
7
Let k(d) = d**3 - 4*d**2 + d + 1. Let r be k(6). Let u = r - 76. Let y(l) = -4*l**2 + 5*l**2 + 1 + 3*l**2 - u*l - 5*l**2. Calculate y(2).
-9
Let l(p) = 201*p + 8. Let m be l(-1). Let i = 200 + m. Let t(y) = 3*y - 8. Calculate t(i).
13
Suppose 2*t = -5*c - 28, -17*t + 12*t + 5*c = -35. Let v(h) = 3*h + 3. Determine v(t).
6
Let d = -3169 - -3175. Let k(t) = 5*t + 22. Let h(g) = -2*g - 8. Let w(s) = 8*h(s) + 3*k(s). What is w(d)?
-4
Suppose 45*n = 128 + 45 - 38. Let x(q) = q**3 + 2*q**2 + 8*q - 7. Give x(n).
62
Let l(t) = 15*t - 4. Let u = 11533 + -11537. Give l(u).
-64
Let q(j) = -j**3 + 17*j**2 - 2. Suppose -8*a = -395 - 117. Let i = a + -47. Give q(i).
-2
Let y(r) be the third derivative of -r**6/120 - 2*r**5/15 - r**4/8 + r**3/2 + 1821*r**2. Give y(-6).
-51
Let w(l) = 53 - 8*l - 50 + 2416*l**2 - 2415*l**2. Calculate w(5).
-12
Let n = -5 - -32. Let f = n + -32. Let w(l) = -4*l**2 - 13*l + 4. Let y(t) = 3*t**2 + 9*t - 3. Let v(m) = f*w(m) - 7*y(m). Give v(3).
-2
Let p(c) be the second derivative of c**3/2 + c**2/2 + 17*c - 2. Determine p(1).
4
Let z(j) be the first derivative of j**5/20 + 2*j**4/3 - 2*j**3 - 5*j**2/2 - 211*j - 122. Let i(h) be the first derivative of z(h). Determine i(-9).
22
Let x(s) be the first derivative of s**2/2 - s - 42. Let j be x(3). Suppose j*r + 66 = 52. Let y(o) = o**2 + 3*o - 9. Determine y(r).
19
Let g(a) be the second derivative of -a**4/12 + 29*a**3/6 + 11*a**2 - 183*a - 3. Determine g(30).
-8
Let r(q) = 2*q + 4. Suppose 18 = -3*t + 5*n, -2*t - 7 = -5*n + 10. Let p be t - (1 + 1 + 1). Let z = -7 - p. Determine r(z).
-2
Let h = -2280 + 2282. Let x(b) be the first derivative of 7 + 7/2*b**2 - h*b - 1/3*b**3. Determine x(7).
-2
Let u(a) = -8*a + 8*a - 31*a + 2 + 4. Let y(z) = -2*z - 1. Let f(w) = -6*w - 10. Let p(l) = f(l) - 8*y(l). Let v(i) = 8*p(i) + 3*u(i). Give v(2).
-24
Let i(z) = -2*z**2 + 65*z - 22. Let a be i(32). Let w(p) = a*p - p - 8*p + 0 - 1. Give w(8).
7
Let d(b) be the first derivative of -b**2/2 - 27*b - 13888. Determine d(-2).
-25
Let y(f) = -6*f**2 + 10*f - 329. Let z(s) = -10*s**2 + 17*s - 550. Let h(d) = 12*y(d) - 7*z(d). What is h(0)?
-98
Let v(s) = 5*s - 4. Let a(t) = -5*t + 3. Let h(y) = 3*a(y) + 2*v(y). Let w = -72 - -77. Suppose w*i + 9 = -4*i. Determine h(i).
6
Suppose 420*y + 273 + 735 + 672 = 0. Let u(n) be the third derivative of n**6/120 + n**5/20 - n**4/6 - n**3/3 + n**2. Give u(y).
-2
Let a(k) = k**3 - 11*k**2 - 27*k - 14. Let j(i) = 15*i**2 - 2*i + 13. Let w be j(0). Calculate a(w).
-27
Let b(x) = 10*x**2 - 2*x + 17. Let s(i) = -3*i**2 - 5. Let l(h) = 2*b(h) + 7*s(h). Let d = 7 + -6. Let m be (-20)/(-15)*(-4 + d). Calculate l(m).
-1
Let w(h) = -5*h**2 + 13. Let a(c) = -6*c**2 + c + 15. Let m(o) = -6*a(o) + 7*w(o). Let b(u) = 5*u**3 - u**2. Let n be b(1). Give m(n).
-7
Suppose 21 + 9 = 6*p. Suppose -6 = 3*z, -3*o = -z - 0*z - p. Let g(k) = -k**2 + k + 79*k**3 - 84*k**3 - 4 + 4. Calculate g(o).
-5
Let i(d) = d**3 + 3*d**2 + 2*d + 3. Suppose 8*m - 21480 = -21496. What is i(m)?
3
Let j(l) = -2*l**3 - l**2 - l. Let t(m) = 51*m + 167 - 46*m - 64. Let v be t(-21). Give j(v).
14
Let b(t) = -3251*t - 211 + 776 + 3241*t. Calculate b(56).
5
Let w(h) be the third derivative of h**6/60 - h**5/4 - 9*h**4/4 + 16*h**3/3 - 3*h**2 - 18*h + 63. Determine w(10).
-8
Let s = -144 + 146. Let t(k) = 14 - k**2 + k**2 - 4*k + 5*k**2 - 7*k - 4*k**s. Determine t(10).
4
Let t(f) = 14*f - 24. Let j(o) = 23*o - 25. Let s = -437 + 440. Let n(i) = s*t(i) - 2*j(i). Give n(-5).
-2
Suppose 4*o + 4*v = -32, -5*o - 3 - 1 = -4*v. Let d be (5/(-10))/(((-5)/2)/5). Let m(h) = -74*h + 39*h + 38*h + h**2 + d. Determine m(o).
5
Let a(l) = l**3 - 9*l**2 - 5*l - 2. Suppose 11*w - 71 - 38 = 1. Calculate a(w).
48
Let p be 10/3*(-24)/10. Let r be p/2*17/(-4). Suppose -1 + r = 2*n. Let g(d) = -d + 11. Give g(n).
3
Let p(i) = -i + 50. Suppose -38*x - 1277 = -2037. What is p(x)?
30
Let z(n) = -2*n**2 + 4*n**2 - n**2 + 7 - 6*n. Let v(i) = 2*i**3 - 3*i**2 - 8*i + 6. Let m be v(3). Suppose p + 5*w = 25, 5*p + 0 = 4*w + m. Determine z(p).
2
Let r(n) = 3*n + 6. Suppose -6*x + 30 = -6. Suppose -5*b - 5 = -x*b. Suppose 3*q = b*w + 11, -3*q + 28 = -4*w - 7*q. Determine r(w).
-6
Let m be 3*(-51)/(21 - 4). Let a(z) = 3*z**3 + 34*z**2 - 10*z - 19. Let w(p) = p**3 + 11*p**2 - 3*p - 6. Let y(s) = -2*a(s) + 7*w(s). Calculate y(m).
5
Let r(l) be the third derivative of -l**5/60 - 11*l**4/24 - 13*l**3/6 - l**2. Suppose 18*z + 554 - 85 = 307. Determine r(z).
5
Let a(l) = -477*l - 474. Let j be a(-1). Let t(c) = c**2 - 5*c + 6. Give t(j).
0
Let m(r) = -1 + 0*r - r**3 + 4*r**2 + 0*r - 2. Let h = 87 - 83. Suppose g + 3 = 0, -h*z = -g - 7 - 8. Calculate m(z).
6
Let z = -1286 + 1294. Let h(t) = 7*t - 7. Suppose -1 = -n + 4. Let w(l) = 6*l - 7. Let i(s) = n*h(s) - 6*w(s). What is i(z)?
-1
Suppose -o + 0*z + 2*z = 0, 0 = 2*o + 4*z - 24. Let l(j) = -4*j**2 + 9*j - 2. Let r(a) = -a**2 + a + 1. Let p(u) = -l(u) + 3*r(u). What is p(o)?
5
Suppose 4*a - 2*a - 126 = 0. Let y(l) = -54 - 2*l + a + l. Suppose -22*z = -3*z - 152. Determine y(z).
1
Let w be (-70)/(-15 + 5) + (-8)/(-16)*-16. Let f(s) = -31*s - 15. Calculate f(w).
16
Suppose 759 = 57*d + 8*d - 1841. Let c(g) = -g**2 + 40*g + 1. What is c(d)?
1
Let l(z) = -5*z**2 - 282*z - 69. Let m(k) = -k**2 - 74*k - 17. Let o(w) = 3*l(w) - 11*m(w). Give o(-9).
-56
Let r(m) = -8*m**3 + 24*m**2 + 17*m + 8. Let v(w) = 2*w**3 - 4*w**2 - 2*w - 2. Let g(h) = r(h) + 6*v(h). What is g(2)?
38
Let u(r) = -2*r**3 + 2*r**2 + 8*r - 5. Let m be (-1)/((-1)/(-4)) + (-33 - (-58 - -24)). Give u(m).
43
Let b(s) = 6*s**2 + 90*s - 5. Let u(z) = 23*z**2 + 336*z - 19. Let f(q) = 15*b(q) - 4*u(q). Suppose -2*h = 5*n - 9, -h = 3*n + 2*h. Calculate f(n).
1
Let a be (-96)/(-8) - (8 + -1). Suppose -a*g - d - 5 = 0, -4*d = -15*g + 18*g - 14. Let h(b) = b**2 + b + 4. Give h(g).
6
Let i(o) = 2*o**2 - o + 3. Let k(n) = -958*n - 1916. Let c be k(-2). What is i(c)?
3
Let h(d) = -25*d**2 - 80*d - 3. Let i be h(-3). Let c(u) = 3*u**3 - 37*u**2 + 12*u + 2. Calculate c(i).
2
Let r(i) = i**3 - 4*i - 2. Let a = 4512 - 4509. Calculate r(a).
13
Let b(t) be the third derivative of t**4/6 + 125*t**3/6 - 45*t**2 - 2*t - 1. Determine b(-21).
41
Let g = 301 + -293. Let j(x) = 5 - 11 + x**2 + 4 - 7*x. Determine j(g).
6
Suppose 0 = 4*n - 12. Let j(u)